-6))/((-1)/r). Suppose -x*d + 4 = 13. Let l(i) = i**3 + 3*i**2 + i + 3. Determine l(d).
0
Let u(r) = -5*r + 13 - 6*r**2 + 5*r**2 - 10. Determine u(-6).
-3
Let n(b) = -2*b - 9. Let c be n(-6). Suppose -g - c*g + 16 = 0. Let w(a) = a**2 - 5*a + 5. Calculate w(g).
1
Let f(w) be the third derivative of -w**2 + 0 + 1/12*w**4 + 0*w - 1/2*w**3. What is f(2)?
1
Let z(i) = i**2 - 2*i + 1. Let n(u) = u**3 - 8*u**2 + 2. Let a(y) = -4*y - 12. Let s be a(-9). Suppose 4*d - d = s. Let p be n(d). What is z(p)?
1
Let i(b) be the second derivative of 1/12*b**4 + 1/6*b**3 - 4*b**2 + 2*b + 0. Calculate i(0).
-8
Let y(w) = w**3 - 7*w**2 + 5. Suppose o = -0*o + 7. Give y(o).
5
Let h(f) = -f - 1. Suppose -2*j = -y - 21, 5 = 3*j + 5*y - 20. Let b = -9 + j. Let c(m) = m - 1. Let r be c(b). Calculate h(r).
-1
Let o(n) = -14*n**3 - 17*n**2 - 3*n. Let v(p) = 5*p**3 + 6*p**2 + p. Let z(j) = -4*o(j) - 11*v(j). Let d be (-4)/10 + 7/5. Let b = -1 - d. Determine z(b).
-2
Let u(i) be the second derivative of i**4/2 - i**3/6 + i**2/2 + i. Let q(f) = -f**2 + 3*f + 5. Let y be q(4). Calculate u(y).
6
Let g(l) be the first derivative of 2*l + 1 - 2*l**2 - 1/3*l**3. Determine g(-5).
-3
Suppose -5 = -3*f - y + 2*y, -4 = -y. Suppose 6*h = f*h + 12. Let m(o) = o**2 + 4*o + h + 0*o - 1. Calculate m(-3).
0
Let x(q) = q**2 - 2*q + 1. Let y = 11 - 7. Calculate x(y).
9
Let j(r) be the third derivative of -r**6/120 - r**5/12 + r**4/3 + 2*r**3/3 + 34*r**2. Determine j(-6).
-8
Let a(s) = 4*s + 3. Let i(t) = 5*t + 3. Let u(m) = 6*a(m) - 5*i(m). Let d(l) = -l**2 + 6*l - 5. Let b be d(5). Let z be (-4)/(-1) - -1 - b. What is u(z)?
-2
Let s(p) = -p**2 - p - 1. Let k be -15 - (0 - 1) - 2. Let m = k - -23. Suppose 2 + m = -3*r. Calculate s(r).
-7
Let r(d) = -d**2 + 8*d - 3. Let m = -75 + 81. Give r(m).
9
Let b(y) = 3 + 4 + y - 5. Calculate b(-5).
-3
Let m(n) = 2*n - 1. Let p be m(2). Suppose 4*r - p*g = -11, 3*r + r = 2*g - 6. Let x(w) = w + 2. Let b(s) = s + 1. Let c(u) = 7*b(u) - 4*x(u). Calculate c(r).
2
Let v(b) be the first derivative of -b**3/3 + 3*b**2/2 + 3*b + 19. Determine v(3).
3
Let k(m) = 7. Let n be 1 + 2 - (-2 + 2). Let w(d) = -d - 2*d + 15 + d + n*d. Let j(v) = -5*k(v) + 2*w(v). Give j(6).
7
Let p(s) = -s**3 - s**2 - 4*s - 3. Let m(o) = o**3 - 13*o**2 + 14*o - 26. Let d be m(12). What is p(d)?
9
Let n(b) = 1 + 0*b**2 + 3 + 2*b - b**2. Let w be n(3). Let i be (1/(3/6))/w. Let d(c) = c. What is d(i)?
2
Let o(c) be the third derivative of 0 + 0*c - 3*c**2 - 1/30*c**5 - 5/6*c**3 + 7/24*c**4. What is o(4)?
-9
Let l be 2/6 + 2/(-6). Let a(d) = 0 - 4*d + l + 2*d**2 - 4*d**2 - 2. Determine a(-3).
-8
Let v(i) = -i**3 + i**2 - 1. Let f(d) = -d**3 + 10*d**2 + 7*d - 9. Let q(t) = -f(t) + 2*v(t). Determine q(-7).
7
Let p = -17 - -18. Let d(w) = -11*w - 1. Determine d(p).
-12
Let t(u) = u**2 - 7*u + 2. Let v be t(7). Let g = v - -1. Suppose 3*d + 0*h - 5*h = -12, g*h - 7 = 2*d. Let y(k) = 2*k**3 + k - 1. Calculate y(d).
2
Let t be -1 - (-2 + -1 + -1). Let m(x) be the first derivative of -2*x + 5 - 1/4*x**4 + x**2 + 2/3*x**3. What is m(t)?
-5
Let h(p) be the first derivative of -3/2*p**2 + 3 - 1/3*p**3 - 2*p. Calculate h(-4).
-6
Let b(t) = -t**2 + 4. Let y be b(0). Let m(w) = 6*w**2 + 2*w. Let o(f) = f**2 + f - 1. Let d(s) = m(s) - 5*o(s). Give d(y).
9
Let k(w) = -14 - 2*w + 6 + 5*w**2 + 9. Calculate k(1).
4
Let g(u) be the first derivative of -u**3/3 + 7*u**2/2 + 4*u + 4. Give g(8).
-4
Let w(f) = f**2 - 2*f + 1. Let g(p) = -p**3 + 4*p**2 - 6*p + 10. Let a be g(3). Give w(a).
0
Let u(j) = -4*j - 3. Let k(f) = f - 7. Let o be k(5). Calculate u(o).
5
Let z(w) = -w**2 - 2*w + 1. Let q(d) = 3*d**2 + 5*d**2 + 2*d + 7*d - 4 - 3*d**2. Let k(c) = 2*q(c) + 9*z(c). Give k(0).
1
Let n(c) = -6*c - 1 + 5*c + 0*c. What is n(-3)?
2
Let o(i) = -i**3 + 5*i**2 - 3*i - 1. Let q(p) = 15*p**2 + 2. Let y be q(-2). Let v be y/8 + (-2)/(-8). Suppose -h = 4*l - v, 17 = 4*h - l + 2. What is o(h)?
3
Let n(l) be the first derivative of -l**3/3 + 4*l**2 - 8*l - 4. Suppose -h - 2*h = 2*m - 15, 0 = -4*h + 4. Give n(m).
4
Let w(x) = -x - 5. Let l(g) = g**2 + 4. Let f be l(0). Suppose 7*u + 30 = u. Let t be (-8)/2 + f + u. What is w(t)?
0
Suppose -5*r - 15 = 5*b, 10 = b - 3*b. Let l(t) = -t**3 - 1 + 3*t**2 - 1 - 2*t**2. Give l(r).
-6
Let n(d) = d**3 + 6*d**2 - 8*d - 2. Suppose -3*w - 6 = 2*q + 21, -5*w - 38 = q. Give n(w).
5
Let w(z) = 6*z - 6. Let k(y) = 1. Let b(n) = -4*k(n) - w(n). What is b(2)?
-10
Let v(h) = h**3 + 5*h**2 + 2. Let z be v(-5). Suppose 4*d - 4*k = z*d + 12, -2*k = d + 2. Let m(p) = 4 + 5*p**2 + 6*p - 4*p**d + 0. What is m(-4)?
-4
Let b(t) be the first derivative of -4 + 9*t + 1/2*t**2. Calculate b(0).
9
Let u be (-50)/(-40) - 2/16*-2. Let b(w) be the second derivative of -1/12*w**4 + 0 - 3*w + 2/3*w**3 - u*w**2. Give b(2).
1
Let u be (-6)/9 + 2/(-6). Let l = u + -2. Let y(x) = -x + 4. What is y(l)?
7
Suppose -2*p = -0*a - 5*a - 9, p = -3*a - 1. Let x be -4*2/(a - 1). Let u be x/(-18) + 14/(-18). Let i(m) = 7*m**2 + 2*m + 1. Determine i(u).
6
Let u(c) = c**2 - c + 1. Let w(r) = r**3 - 10*r**2 + 7*r + 5. Let h(v) = -3*u(v) - w(v). Determine h(6).
4
Let m(a) be the third derivative of -a**6/120 - a**5/20 + a**4/12 + 2*a**3/3 - a**2. Let d(r) = 3*r**3 - r + 1. Let b be d(1). Let o = b - 6. Give m(o).
-2
Let p be 2/2 - -5 - 0. Let d be (-4)/p*(-3)/2. Let r(l) = 2*l - 1. What is r(d)?
1
Let w(u) be the third derivative of -1/120*u**6 + 3*u**2 + 0*u + 5/24*u**4 - 1/15*u**5 + 0 - 1/3*u**3. Calculate w(-5).
-2
Suppose -2*h - 3*q = 0, 2*h + q = -0*q + 4. Let x(w) = 4*w - w - w + 2. Give x(h).
8
Let n be -1*19*(-5 + 6). Let k = n + 13. Let t(b) = b - 7. Determine t(k).
-13
Let k = -12 + 23. Let w = k - 7. Let o(u) = -4*u - u**2 + 0*u + 2*u**2. Calculate o(w).
0
Let w(r) = 5*r + 4 + 0 - 4*r. Let f(x) = -3*x + 4*x - 2 + 3. Let u be f(-6). Determine w(u).
-1
Let x(q) = -4*q + 3 + 0*q**2 - 3 - q**2 + 3. Let d = 5 + -1. Suppose 0*v = -d*v - 20. Calculate x(v).
-2
Let y(j) = 3*j + 0 + 1 + 2 + j. Give y(-4).
-13
Let x(w) = -4*w**2 - 10*w - 4. Let f(v) = 7*v**2 + 19*v + 8. Let s(t) = -3*f(t) - 5*x(t). Suppose 6*y + 35 = y. Determine s(y).
-4
Let z be 14/8 - 1/(-4). Let p(s) = 0*s**2 - 3*s + s**z - 2*s**2 + 4. Suppose -6*l = -l - 2*h + 13, -3*h - 3 = 0. Calculate p(l).
4
Suppose -i + 3*i - 4*h + 4 = 0, -5*h + 26 = i. Let o(p) = 7*p - 11. Let m(r) = 15*r - 22. Let s(v) = i*m(v) - 13*o(v). Calculate s(6).
5
Let b(l) = -l. Let a(v) = v**2 - 3*v - 4 - v**3 + 3*v + 6*v**2. Let m be a(7). Let u = m + 1. Give b(u).
3
Let z be (-4)/(-2)*3/(-2). Let a(h) = h**3 + 4*h**2 + 3. Give a(z).
12
Let f be 4/(-6) + 6/9. Let u = 2 - f. Let s(d) = d + 2*d - 2 - u*d. What is s(-4)?
-6
Let x(q) be the third derivative of -q**5/60 - q**4/24 - q**3/3 - 27*q**2. Calculate x(-3).
-8
Let t(c) be the second derivative of c**4/12 - c**3 + 4*c**2 - 15*c. What is t(6)?
8
Let x(s) = -6*s**3 - s**2 - s - 1. Let h(t) = t**2 - 8*t + 1. Let m be h(8). Suppose -7 - 18 = -5*a. Suppose m = -a*i - 4. What is x(i)?
5
Let f(k) = -k**2 - 8*k - 6. Let b = -171 - -163. What is f(b)?
-6
Let x(r) = -13*r + 2. Let w(o) = -19*o + 3. Let p(t) = -5*w(t) + 7*x(t). Let c(v) = -v**3 - 6*v**2 + 6*v - 4. Let a be c(-7). Let y = a + -4. Determine p(y).
-5
Let j(b) = -7*b**3 + 6*b**2 - 11*b - 3. Let t(u) = -4*u**3 + 3*u**2 - 6*u - 1. Let i(c) = -3*j(c) + 5*t(c). Determine i(3).
13
Let x(t) = 3*t + 1. Suppose -9 = -15*a + 18*a. What is x(a)?
-8
Let a = -7 - 1. Let y = -4 - a. Let s(i) = 2 - i - 2 - y - i. Give s(-3).
2
Let w(y) be the first derivative of 2*y**2 - 10*y - 2. Let s(c) = 7*c - 19. Let m(d) = -3*s(d) + 5*w(d). Calculate m(0).
7
Let t(y) = -14*y**3 - y**2. Suppose 4*o = -12, 2*s + 2*o = s - 7. Determine t(s).
13
Let t(z) = 5 + 3*z + 3 + 1 - 3. Suppose f + 0*f = 4*w + 8, -3*f - 4*w = 24. Let y be f/(-1 + 1 + 1). Give t(y).
-6
Let b(u) = u**2 - 9*u + 8. Let k be b(8). Let y(d) be the first derivative of -d**4/4 - d**3/3 - 7*d - 9. Determine y(k).
-7
Let o(r) = -r**3 - 7*r**2 - 4*r + 6. Let l be o(-6). Let m be (5 + l)/(2/8). Let w(b) = b**2 + 5*b. What is w(m)?
-4
Suppose -5*a - 15 = -d, -2*d - 4*a + 2*a - 18 = 0. Let y(p) be the second derivative of p**3/3 + 2*p**2 + 3*p. Calculate y(d).
-6
Let r(y) = y**2 + 7*y - 2. Let i be r(-7). Let f(x) = -x**2 - 3*x + 5. Let j be f(